{"id":2297,"date":"2021-12-16T23:48:36","date_gmt":"2021-12-16T23:48:36","guid":{"rendered":"https:\/\/crzp.mzp.cz\/portal\/?page_id=2297"},"modified":"2021-12-22T12:19:05","modified_gmt":"2021-12-22T12:19:05","slug":"agenda-ozo","status":"publish","type":"page","link":"https:\/\/crzp.mzp.cz\/portal\/agendy-registry\/agenda-ozo\/","title":{"rendered":"Agenda OZO"},"content":{"rendered":"\n<h1>\n\t\tAgenda OZO\n\t<\/h1>\n\t<p><strong>Datab\u00e1ze odborn\u011b zp\u016fsobil\u00fdch osob<\/strong> byla z\u0159\u00edzena na z\u00e1klad\u011b \u00a7 17a z\u00e1kona \u010d.&nbsp;201\/2012 Sb., o&nbsp;ochran\u011b ovzdu\u0161\u00ed a&nbsp;je tvo\u0159ena ze dvou propojen\u00fdch \u010d\u00e1st\u00ed; registru osob revizn\u00edch technik\u016f a&nbsp;v\u00fdrobc\u016f kotl\u016f a&nbsp;vyhled\u00e1vac\u00ed aplikac\u00ed s&nbsp;komunika\u010dn\u00edm modulem IPO.<\/p>\n<p>Datab\u00e1ze odborn\u011b zp\u016fsobil\u00fdch osob slou\u017e\u00ed provozovatel\u016fm spalovac\u00edch stacion\u00e1rn\u00edch zdroj\u016f, kte\u0159\u00ed pot\u0159ebuj\u00ed vyhledat odborn\u011b vy\u0161kolen\u00e9ho technika pro kontrolu stavu sv\u00e9ho spalovac\u00edho zdroje &#8211; v\u011bt\u0161inou kotle na pevn\u00e1 paliva.<\/p>\n<p>Povinnost\u00ed provozovatele podle z\u00e1kona o&nbsp;ochran\u011b ovzdu\u0161\u00ed je nechat si nejm\u00e9n\u011b jednou za t\u0159i roky sv\u016fj spalovac\u00ed zdroj zkontrolovat odborn\u011b zp\u016fsobilou osobou v\u00fdrobce tohoto zdroje (jestli je ve spr\u00e1vn\u00e9m technick\u00e9m stavu a&nbsp;je vhodn\u011b provozov\u00e1n). Doklad o&nbsp;proveden\u00e9 kontrole je nutn\u00e9 p\u0159edlo\u017eit obecn\u00edmu \u00fa\u0159adu obce s&nbsp;roz\u0161\u00ed\u0159enou p\u016fsobnost\u00ed, pokud o&nbsp;n\u011bj po\u017e\u00e1d\u00e1.<\/p>\n<p>Registr odborn\u011b zp\u016fsobil\u00fdch osob, kter\u00fd je sou\u010d\u00e1st\u00ed syst\u00e9mu CR\u017dP,\u00a0 vypl\u00fdv\u00e1 z&nbsp;novely \u010d.&nbsp;172\/2018 Sb., z\u00e1kona \u010d.&nbsp;201\/2012 Sb., o&nbsp;ochran\u011b ovzdu\u0161\u00ed a&nbsp;vyhl\u00e1\u0161ky \u010d.&nbsp;415\/2012 Sb., o&nbsp;p\u0159\u00edpustn\u00e9 \u00farovni zne\u010di\u0161\u0165ov\u00e1n\u00ed a&nbsp;jej\u00edm zji\u0161\u0165ov\u00e1n\u00ed a&nbsp;o&nbsp;proveden\u00ed n\u011bkter\u00fdch dal\u0161\u00edch ustanoven\u00ed z\u00e1kona o&nbsp;ochran\u011b ovzdu\u0161\u00ed a&nbsp;zji\u0161\u0165uje registraci a&nbsp;spr\u00e1vu v\u00fdrobc\u016f (ze strany M\u017dP) a&nbsp;odborn\u011b zp\u016fsobil\u00fdch osob (ze strany V\u00fdrobc\u016f) Tyto \u00fadaje jsou n\u00e1sledn\u011b poskytov\u00e1ny syst\u00e9mu IPO (informa\u010dn\u00ed port\u00e1l OZO dostupn\u00fd na adrese <a href=\"https:\/\/ipo.mzp.cz\/\">https:\/\/ipo.mzp.cz\/<\/a>), kter\u00fd zaji\u0161\u0165uje komunikaci mezi provozovatelem zdroje a&nbsp;v\u00fdrobcem, a&nbsp;syst\u00e9mu ISPOP (dostupn\u00fd na <a href=\"http:\/\/www.ispop.cz\">www.ispop.cz<\/a>), p\u0159es kter\u00fd je realizov\u00e1no ohla\u0161ov\u00e1n\u00ed proveden\u00fdch kontrol ze strany Odborn\u011b zp\u016fsobil\u00e9 osoby.<\/p>\n<p><strong>Do syst\u00e9mu CR\u017dP<\/strong> v\u00a0r\u00e1mci agendy <strong>OZO<\/strong> p\u0159istupuj\u00ed:<\/p>\n<ol>\n<li>Spr\u00e1vce v\u00fdrobc\u016f OZO &#8211; pracovn\u00edci Ministerstva \u017eivotn\u00edho prost\u0159ed\u00ed, zaji\u0161\u0165uj\u00ed\u00a0registraci a&nbsp;spr\u00e1vu v\u00fdrobc\u016f, kte\u0159\u00ed postupuj\u00ed dle \u00a717a odst. 3) z\u00e1kona \u010d.&nbsp;201\/2012 Sb., o&nbsp;ochran\u011b ovzdu\u0161\u00ed.<\/li>\n<li>V\u00fdrobce kotl\u016f OZO &#8211; v\u00fdrobce kotl\u016f registruj\u00ed a&nbsp;spravuj\u00ed \u00fadaje o&nbsp;odborn\u011b zp\u016fsobil\u00fdch osob\u00e1ch dle \u00a717a odst. 4) z\u00e1kona \u010d.&nbsp;201\/2012 Sb., o&nbsp;ochran\u011b ovzdu\u0161\u00ed.<\/li>\n<li>Kontroln\u00ed technik OZO &#8211; fyzick\u00e9 osoby, kter\u00e9 maj\u00ed od v\u00fdrobce kotl\u016f ud\u011blen\u00e9 opr\u00e1vn\u011bn\u00ed k&nbsp;instalaci, provozu a&nbsp;\u00fadr\u017eb\u011b kotl\u016f. Odborn\u011b zp\u016fsobil\u00e1 osoba pak pln\u00ed ohla\u0161ovac\u00ed povinnost, kter\u00e1 vypl\u00fdv\u00e1 z&nbsp;\u00a7 16, odst. 9 z\u00e1kona prost\u0159ednictv\u00edm ISPOP.<\/li>\n<\/ol>\n<p>Podrobn\u00e9 n\u00e1vody pro pr\u00e1ci v&nbsp;registru OZO naleznete na tomto <a href=\"https:\/\/crzp.mzp.cz\/portal\/napoveda\/manualy-a-navody\/\"><strong>odkaze<\/strong><\/a>.<\/p>\n\t<h2>Technick\u00e1 podpora<\/h2>\n<p>P\u00edsemn\u00e1 podpora je dostupn\u00e1 prost\u0159ednictv\u00edm syst\u00e9mu EnviHELP (helpdesk.cenia.cz).<\/p>\n<p>Provozn\u00ed doba telefonick\u00e9 podpory na \u010d\u00edsle 221\u00a0228\u00a0080 je v\u00a0\u00fa\u0159edn\u00edch dnech, tj.\u00a0pond\u011bl\u00ed a\u00a0st\u0159eda 9:00 &#8211; 12:00.<\/p>\n\t\t\t<a href=\"https:\/\/helpdesk.cenia.cz\/helpdesk\/?issuenew=true\" target=\"_blank\" role=\"button\" rel=\"noopener\">\n\t\t\t\t\t\t\tZaslat dotaz\n\t\t\t\t\t<\/a>\n\t<h2>Pl\u00e1novan\u00e9 odst\u00e1vky<\/h2>\n<table>\n<tbody>\n<tr>\n<td>\n<h4><strong>3.1.2022<\/strong><\/h4>\n<\/td>\n<td>zah\u00e1jen\u00ed provozu<\/td>\n<\/tr>\n<\/tbody>\n<\/table>\n\n","protected":false},"excerpt":{"rendered":"<p>Agenda OZO Datab\u00e1ze odborn\u011b zp\u016fsobil\u00fdch osob byla z\u0159\u00edzena na z\u00e1klad\u011b \u00a7 17a z\u00e1kona \u010d.&nbsp;201\/2012 Sb., o&nbsp;ochran\u011b ovzdu\u0161\u00ed a&nbsp;je tvo\u0159ena ze dvou propojen\u00fdch \u010d\u00e1st\u00ed; registru osob revizn\u00edch technik\u016f a&nbsp;v\u00fdrobc\u016f kotl\u016f a&nbsp;vyhled\u00e1vac\u00ed aplikac\u00ed s&nbsp;komunika\u010dn\u00edm modulem IPO. Datab\u00e1ze odborn\u011b zp\u016fsobil\u00fdch osob slou\u017e\u00ed provozovatel\u016fm spalovac\u00edch stacion\u00e1rn\u00edch zdroj\u016f, kte\u0159\u00ed pot\u0159ebuj\u00ed vyhledat odborn\u011b vy\u0161kolen\u00e9ho technika pro kontrolu stavu sv\u00e9ho spalovac\u00edho zdroje&hellip;<\/p>\n","protected":false},"author":151,"featured_media":0,"parent":2292,"menu_order":0,"comment_status":"closed","ping_status":"closed","template":"","meta":{"inline_featured_image":false,"footnotes":""},"yoast_head":"<!-- This site is optimized with the Yoast SEO plugin v20.13 - https:\/\/yoast.com\/wordpress\/plugins\/seo\/ -->\n<title>Agenda OZO - CR\u017dP<\/title>\n<meta name=\"robots\" content=\"index, follow, max-snippet:-1, max-image-preview:large, max-video-preview:-1\" \/>\n<link rel=\"canonical\" href=\"https:\/\/crzp.mzp.cz\/portal\/agendy-registry\/agenda-ozo\/\" \/>\n<meta property=\"og:locale\" content=\"cs_CZ\" \/>\n<meta property=\"og:type\" content=\"article\" \/>\n<meta property=\"og:title\" content=\"Agenda OZO - CR\u017dP\" \/>\n<meta property=\"og:description\" content=\"Agenda OZO Datab\u00e1ze odborn\u011b zp\u016fsobil\u00fdch osob byla z\u0159\u00edzena na z\u00e1klad\u011b \u00a7 17a z\u00e1kona \u010d.&nbsp;201\/2012 Sb., o&nbsp;ochran\u011b ovzdu\u0161\u00ed a&nbsp;je tvo\u0159ena ze dvou propojen\u00fdch \u010d\u00e1st\u00ed; registru osob revizn\u00edch technik\u016f a&nbsp;v\u00fdrobc\u016f kotl\u016f a&nbsp;vyhled\u00e1vac\u00ed aplikac\u00ed s&nbsp;komunika\u010dn\u00edm modulem IPO. Datab\u00e1ze odborn\u011b zp\u016fsobil\u00fdch osob slou\u017e\u00ed provozovatel\u016fm spalovac\u00edch stacion\u00e1rn\u00edch zdroj\u016f, kte\u0159\u00ed pot\u0159ebuj\u00ed vyhledat odborn\u011b vy\u0161kolen\u00e9ho technika pro kontrolu stavu sv\u00e9ho spalovac\u00edho zdroje&hellip;\" \/>\n<meta property=\"og:url\" content=\"https:\/\/crzp.mzp.cz\/portal\/agendy-registry\/agenda-ozo\/\" \/>\n<meta property=\"og:site_name\" content=\"CR\u017dP\" \/>\n<meta property=\"article:modified_time\" content=\"2021-12-22T12:19:05+00:00\" \/>\n<meta name=\"twitter:card\" content=\"summary_large_image\" \/>\n<meta name=\"twitter:label1\" content=\"Est. reading time\" \/>\n\t<meta name=\"twitter:data1\" content=\"2 minuty\" \/>\n<script type=\"application\/ld+json\" class=\"yoast-schema-graph\">{\"@context\":\"https:\/\/schema.org\",\"@graph\":[{\"@type\":\"WebPage\",\"@id\":\"https:\/\/crzp.mzp.cz\/portal\/agendy-registry\/agenda-ozo\/\",\"url\":\"https:\/\/crzp.mzp.cz\/portal\/agendy-registry\/agenda-ozo\/\",\"name\":\"Agenda OZO - CR\u017dP\",\"isPartOf\":{\"@id\":\"https:\/\/crzp.mzp.cz\/portal\/#website\"},\"datePublished\":\"2021-12-16T23:48:36+00:00\",\"dateModified\":\"2021-12-22T12:19:05+00:00\",\"breadcrumb\":{\"@id\":\"https:\/\/crzp.mzp.cz\/portal\/agendy-registry\/agenda-ozo\/#breadcrumb\"},\"inLanguage\":\"cs\",\"potentialAction\":[{\"@type\":\"ReadAction\",\"target\":[\"https:\/\/crzp.mzp.cz\/portal\/agendy-registry\/agenda-ozo\/\"]}]},{\"@type\":\"BreadcrumbList\",\"@id\":\"https:\/\/crzp.mzp.cz\/portal\/agendy-registry\/agenda-ozo\/#breadcrumb\",\"itemListElement\":[{\"@type\":\"ListItem\",\"position\":1,\"name\":\"Home\",\"item\":\"https:\/\/crzp.mzp.cz\/portal\/\"},{\"@type\":\"ListItem\",\"position\":2,\"name\":\"Agendy a&nbsp;registry\",\"item\":\"https:\/\/crzp.mzp.cz\/portal\/agendy-registry\/\"},{\"@type\":\"ListItem\",\"position\":3,\"name\":\"Agenda OZO\"}]},{\"@type\":\"WebSite\",\"@id\":\"https:\/\/crzp.mzp.cz\/portal\/#website\",\"url\":\"https:\/\/crzp.mzp.cz\/portal\/\",\"name\":\"CR\u017dP\",\"description\":\"Centr\u00e1ln\u00ed registr \u017eivotn\u00edho prost\u0159ed\u00ed\",\"potentialAction\":[{\"@type\":\"SearchAction\",\"target\":{\"@type\":\"EntryPoint\",\"urlTemplate\":\"https:\/\/crzp.mzp.cz\/portal\/?s={search_term_string}\"},\"query-input\":\"required name=search_term_string\"}],\"inLanguage\":\"cs\"}]}<\/script>\n<!-- \/ Yoast SEO plugin. -->","yoast_head_json":{"title":"Agenda OZO - CR\u017dP","robots":{"index":"index","follow":"follow","max-snippet":"max-snippet:-1","max-image-preview":"max-image-preview:large","max-video-preview":"max-video-preview:-1"},"canonical":"https:\/\/crzp.mzp.cz\/portal\/agendy-registry\/agenda-ozo\/","og_locale":"cs_CZ","og_type":"article","og_title":"Agenda OZO - CR\u017dP","og_description":"Agenda OZO Datab\u00e1ze odborn\u011b zp\u016fsobil\u00fdch osob byla z\u0159\u00edzena na z\u00e1klad\u011b \u00a7 17a z\u00e1kona \u010d.&nbsp;201\/2012 Sb., o&nbsp;ochran\u011b ovzdu\u0161\u00ed a&nbsp;je tvo\u0159ena ze dvou propojen\u00fdch \u010d\u00e1st\u00ed; registru osob revizn\u00edch technik\u016f a&nbsp;v\u00fdrobc\u016f kotl\u016f a&nbsp;vyhled\u00e1vac\u00ed aplikac\u00ed s&nbsp;komunika\u010dn\u00edm modulem IPO. Datab\u00e1ze odborn\u011b zp\u016fsobil\u00fdch osob slou\u017e\u00ed provozovatel\u016fm spalovac\u00edch stacion\u00e1rn\u00edch zdroj\u016f, kte\u0159\u00ed pot\u0159ebuj\u00ed vyhledat odborn\u011b vy\u0161kolen\u00e9ho technika pro kontrolu stavu sv\u00e9ho spalovac\u00edho zdroje&hellip;","og_url":"https:\/\/crzp.mzp.cz\/portal\/agendy-registry\/agenda-ozo\/","og_site_name":"CR\u017dP","article_modified_time":"2021-12-22T12:19:05+00:00","twitter_card":"summary_large_image","twitter_misc":{"Est. reading time":"2 minuty"},"schema":{"@context":"https:\/\/schema.org","@graph":[{"@type":"WebPage","@id":"https:\/\/crzp.mzp.cz\/portal\/agendy-registry\/agenda-ozo\/","url":"https:\/\/crzp.mzp.cz\/portal\/agendy-registry\/agenda-ozo\/","name":"Agenda OZO - CR\u017dP","isPartOf":{"@id":"https:\/\/crzp.mzp.cz\/portal\/#website"},"datePublished":"2021-12-16T23:48:36+00:00","dateModified":"2021-12-22T12:19:05+00:00","breadcrumb":{"@id":"https:\/\/crzp.mzp.cz\/portal\/agendy-registry\/agenda-ozo\/#breadcrumb"},"inLanguage":"cs","potentialAction":[{"@type":"ReadAction","target":["https:\/\/crzp.mzp.cz\/portal\/agendy-registry\/agenda-ozo\/"]}]},{"@type":"BreadcrumbList","@id":"https:\/\/crzp.mzp.cz\/portal\/agendy-registry\/agenda-ozo\/#breadcrumb","itemListElement":[{"@type":"ListItem","position":1,"name":"Home","item":"https:\/\/crzp.mzp.cz\/portal\/"},{"@type":"ListItem","position":2,"name":"Agendy a&nbsp;registry","item":"https:\/\/crzp.mzp.cz\/portal\/agendy-registry\/"},{"@type":"ListItem","position":3,"name":"Agenda OZO"}]},{"@type":"WebSite","@id":"https:\/\/crzp.mzp.cz\/portal\/#website","url":"https:\/\/crzp.mzp.cz\/portal\/","name":"CR\u017dP","description":"Centr\u00e1ln\u00ed registr \u017eivotn\u00edho prost\u0159ed\u00ed","potentialAction":[{"@type":"SearchAction","target":{"@type":"EntryPoint","urlTemplate":"https:\/\/crzp.mzp.cz\/portal\/?s={search_term_string}"},"query-input":"required name=search_term_string"}],"inLanguage":"cs"}]}},"_links":{"self":[{"href":"https:\/\/crzp.mzp.cz\/portal\/wp-json\/wp\/v2\/pages\/2297"}],"collection":[{"href":"https:\/\/crzp.mzp.cz\/portal\/wp-json\/wp\/v2\/pages"}],"about":[{"href":"https:\/\/crzp.mzp.cz\/portal\/wp-json\/wp\/v2\/types\/page"}],"author":[{"embeddable":true,"href":"https:\/\/crzp.mzp.cz\/portal\/wp-json\/wp\/v2\/users\/151"}],"replies":[{"embeddable":true,"href":"https:\/\/crzp.mzp.cz\/portal\/wp-json\/wp\/v2\/comments?post=2297"}],"version-history":[{"count":4,"href":"https:\/\/crzp.mzp.cz\/portal\/wp-json\/wp\/v2\/pages\/2297\/revisions"}],"predecessor-version":[{"id":2475,"href":"https:\/\/crzp.mzp.cz\/portal\/wp-json\/wp\/v2\/pages\/2297\/revisions\/2475"}],"up":[{"embeddable":true,"href":"https:\/\/crzp.mzp.cz\/portal\/wp-json\/wp\/v2\/pages\/2292"}],"wp:attachment":[{"href":"https:\/\/crzp.mzp.cz\/portal\/wp-json\/wp\/v2\/media?parent=2297"}],"curies":[{"name":"wp","href":"https:\/\/api.w.org\/{rel}","templated":true}]}}