{"id":1445,"date":"2021-10-17T09:01:50","date_gmt":"2021-10-17T09:01:50","guid":{"rendered":"https:\/\/crzp.mzp.cz\/portal\/?page_id=1445"},"modified":"2026-01-24T20:14:50","modified_gmt":"2026-01-24T20:14:50","slug":"manualy-a-navody","status":"publish","type":"page","link":"https:\/\/crzp.mzp.cz\/portal\/napoveda\/manualy-a-navody\/","title":{"rendered":"Manu\u00e1ly a&nbsp;n\u00e1vody"},"content":{"rendered":"\n<h1>\n\t\tMANU\u00c1LY a&nbsp;N\u00c1VODY\n\t<\/h1>\n\t<p><strong>N\u00e1vody pro registraci a&nbsp;spr\u00e1vu u\u017eivatele a&nbsp;subjektu<\/strong><\/p>\n\t\t\t<a href=\"https:\/\/crzp.mzp.cz\/portal\/wp-content\/uploads\/CRZP_Manual_Registrace_uzivatele.pdf\" target=\"_blank\" rel=\"noopener\">\n\t\t\t\t\t\tPr\u016fvodce registrac\u00ed u\u017eivatele\n\t\t\t\t\t<\/a>\n\t\t\t<a href=\"https:\/\/crzp.mzp.cz\/portal\/wp-content\/uploads\/CRZP_Manual_Registrace-subjektu.pdf\" target=\"_blank\" rel=\"noopener\">\n\t\t\t\t\t\tPr\u016fvodce registrac\u00ed subjektu\n\t\t\t\t\t<\/a>\n\t\t\t<a href=\"https:\/\/crzp.mzp.cz\/portal\/wp-content\/uploads\/CRZP_Manual_Externi_identita.pdf\" target=\"_blank\" rel=\"noopener\">\n\t\t\t\t\t\tPr\u016fvodce propojen\u00edm s&nbsp;Extern\u00ed identitou\n\t\t\t\t\t<\/a>\n\t\t\t<a href=\"https:\/\/crzp.mzp.cz\/portal\/wp-content\/uploads\/CRZP_Manual_Registrace_ZO.pdf\" target=\"_blank\" rel=\"noopener\">\n\t\t\t\t\t\tPr\u016fvodce registrac\u00ed zahrani\u010dn\u00edho subjektu\n\t\t\t\t\t<\/a>\n\t\t\t<a href=\"https:\/\/crzp.mzp.cz\/portal\/wp-content\/uploads\/CRZP_Manual_Sprava-subjektu.pdf\" target=\"_blank\" rel=\"noopener\">\n\t\t\t\t\t\tPr\u016fvodce spr\u00e1vou subjektu\n\t\t\t\t\t<\/a>\n\t\t\t<a href=\"https:\/\/crzp.mzp.cz\/portal\/wp-content\/uploads\/CRZP_Manual_Sprava_uctu.pdf\" target=\"_blank\" rel=\"noopener\">\n\t\t\t\t\t\tPr\u016fvodce spr\u00e1vou \u00fa\u010dtu\n\t\t\t\t\t<\/a>\n\t<p><strong>N\u00e1vody pro dopravce odpad\u016f<\/strong><\/p>\n\t\t\t<a href=\"https:\/\/www.ispop.cz\/wp-content\/uploads\/ISPOP_Manual_dopravci_aj.pdf\" target=\"_blank\" rel=\"noopener\">\n\t\t\t\t\t\tGuideline for registration as a&nbsp;waste carrier\n\t\t\t\t\t<\/a>\n\t\t\t<a href=\"https:\/\/www.ispop.cz\/wp-content\/uploads\/ISPOP_Manual_dopravci_cz.pdf\" target=\"_blank\" rel=\"noopener\">\n\t\t\t\t\t\tManu\u00e1l pro zaps\u00e1n\u00ed na seznam dopravc\u016f odpad\u016f\n\t\t\t\t\t<\/a>\n\t<p><strong>N\u00e1vody pro pr\u00e1ci se&nbsp;zmocn\u011bn\u00edm<\/strong><\/p>\n\t\t\t<a href=\"https:\/\/crzp.mzp.cz\/portal\/wp-content\/uploads\/CRZP_Plna_moc_vzor.docx\" target=\"_blank\" rel=\"noopener\">\n\t\t\t\t\t\tVzor pln\u00e9 moci \n\t\t\t\t\t<\/a>\n\t\t\t<a href=\"https:\/\/crzp.mzp.cz\/portal\/wp-content\/uploads\/CRZP_Manual_Zmocneni.pdf\" target=\"_blank\" rel=\"noopener\">\n\t\t\t\t\t\tPr\u016fvodce p\u0159id\u011blen\u00edm zmocn\u011bn\u00ed\n\t\t\t\t\t<\/a>\n\t<p><strong>N\u00e1vody pro registraci provozoven OVZ a&nbsp;IRZ<\/strong><\/p>\n\t\t\t<a href=\"https:\/\/crzp.mzp.cz\/portal\/wp-content\/uploads\/CRZP_Manual_Registrace_provozovny_IRZ.pdf\" target=\"_blank\" rel=\"noopener\">\n\t\t\t\t\t\tPr\u016fvodce registrac\u00ed provozovny IRZ\n\t\t\t\t\t<\/a>\n\t\t\t<a href=\"https:\/\/crzp.mzp.cz\/portal\/wp-content\/uploads\/CRZP_Manual_Registrace_provozovny_ovzdusi.pdf\" target=\"_blank\" rel=\"noopener\">\n\t\t\t\t\t\tPr\u016fvodce registrac\u00ed provozovny Ovzdu\u0161\u00ed a&nbsp;zalo\u017een\u00ed\/editace zdroje s&nbsp;&#8222;minim\u00e1ln\u00ed vzd\u00e1lenost\u00ed&#8220;\n\t\t\t\t\t<\/a>\n\t<p><strong>N\u00e1vody pro agendu OZO<\/strong><\/p>\n\t\t\t<a href=\"https:\/\/crzp.mzp.cz\/portal\/wp-content\/uploads\/CRZP_Manual_OZO_vyrobce.pdf\" target=\"_blank\" rel=\"noopener\">\n\t\t\t\t\t\tN\u00e1vod pro V\u00fdrobce kotl\u016f\n\t\t\t\t\t<\/a>\n\t\t\t<a href=\"https:\/\/crzp.mzp.cz\/portal\/wp-content\/uploads\/CRZP_Manual_OZO_revizni_technik.pdf\" target=\"_blank\" rel=\"noopener\">\n\t\t\t\t\t\tN\u00e1vod pro Odborn\u011b zp\u016fsobilou osobu\n\t\t\t\t\t<\/a>\n\t<p><strong>N\u00e1vody pro pr\u00e1ci v&nbsp;syst\u00e9mu<\/strong><\/p>\n\t\t\t<a href=\"https:\/\/crzp.mzp.cz\/portal\/wp-content\/uploads\/CRZP_Manual_Zazadani_o_roli.pdf\" target=\"_blank\" rel=\"noopener\">\n\t\t\t\t\t\tZa\u017e\u00e1d\u00e1n\u00ed o&nbsp;roli\n\t\t\t\t\t<\/a>\n\t<p><strong>N\u00e1vod pro p\u0159ihl\u00e1\u0161en\u00ed<\/strong><\/p>\n\t\t\t<a href=\"https:\/\/crzp.mzp.cz\/portal\/wp-content\/uploads\/EnviIAM-AM_uzivatelska-prirucka_1.1.pdf\" target=\"_blank\" rel=\"noopener\">\n\t\t\t\t\t\tU\u017eivatelsk\u00e1 p\u0159\u00edru\u010dka syst\u00e9mu EnviIAM\n\t\t\t\t\t<\/a>\n<h2>\n\t\tP\u0159ihl\u00e1\u0161en\u00ed do&nbsp;CR\u017dP\n\t<\/h2>\n<h2>\n\t\tObnoven\u00ed hesla\n\t<\/h2>\n\t<iframe loading=\"lazy\" title=\"CR\u017dP - P\u0159edstaven\u00ed port\u00e1lu\" width=\"500\" height=\"281\" src=\"https:\/\/www.youtube.com\/embed\/pZ4C2FpX8oE?feature=oembed\" frameborder=\"0\" allow=\"accelerometer; autoplay; clipboard-write; encrypted-media; gyroscope; picture-in-picture; web-share\" referrerpolicy=\"strict-origin-when-cross-origin\" allowfullscreen><\/iframe>\n\t<iframe loading=\"lazy\" title=\"CR\u017dP - Obnoven\u00ed hesla\" width=\"500\" height=\"281\" src=\"https:\/\/www.youtube.com\/embed\/eLGpiiPvO48?feature=oembed\" frameborder=\"0\" allow=\"accelerometer; autoplay; clipboard-write; encrypted-media; gyroscope; picture-in-picture; web-share\" referrerpolicy=\"strict-origin-when-cross-origin\" allowfullscreen><\/iframe>\n<h2>\n\t\tRegistrace u\u017eivatele\n\t<\/h2>\n<h2>\n\t\tRegistrace subjektu\n\t<\/h2>\n\t<iframe loading=\"lazy\" title=\"CR\u017dP - Registrace u\u017eivatele\" width=\"500\" height=\"281\" src=\"https:\/\/www.youtube.com\/embed\/rsq90cGc6NE?feature=oembed\" frameborder=\"0\" allow=\"accelerometer; autoplay; clipboard-write; encrypted-media; gyroscope; picture-in-picture; web-share\" referrerpolicy=\"strict-origin-when-cross-origin\" allowfullscreen><\/iframe>\n\t<iframe loading=\"lazy\" title=\"CR\u017dP - Registrace subjektu\" width=\"500\" height=\"281\" src=\"https:\/\/www.youtube.com\/embed\/8lv_MkwisJw?feature=oembed\" frameborder=\"0\" allow=\"accelerometer; autoplay; clipboard-write; encrypted-media; gyroscope; picture-in-picture; web-share\" referrerpolicy=\"strict-origin-when-cross-origin\" allowfullscreen><\/iframe>\n<h2>\n\t\tSpr\u00e1va u\u017eivatele\n\t<\/h2>\n<h2>\n\t\tSpr\u00e1va subjektu\n\t<\/h2>\n\t<iframe loading=\"lazy\" title=\"CR\u017dP - Spr\u00e1va u\u017eivatele\" width=\"500\" height=\"281\" src=\"https:\/\/www.youtube.com\/embed\/Q6nqkLtpRQc?feature=oembed\" frameborder=\"0\" allow=\"accelerometer; autoplay; clipboard-write; encrypted-media; gyroscope; picture-in-picture; web-share\" referrerpolicy=\"strict-origin-when-cross-origin\" allowfullscreen><\/iframe>\n\t<iframe loading=\"lazy\" title=\"CR\u017dP - Spr\u00e1va subjektu\" width=\"500\" height=\"281\" src=\"https:\/\/www.youtube.com\/embed\/vTr8rEoVrfg?feature=oembed\" frameborder=\"0\" allow=\"accelerometer; autoplay; clipboard-write; encrypted-media; gyroscope; picture-in-picture; web-share\" referrerpolicy=\"strict-origin-when-cross-origin\" allowfullscreen><\/iframe>\n<h2>\n\t\tP\u0159id\u011blen\u00ed agendy a&nbsp;role\n\t<\/h2>\n<h2>\n\t\tRevize stacion\u00e1rn\u00edho zdroje\n\t<\/h2>\n\t<iframe loading=\"lazy\" title=\"CR\u017dP - Role a agendy\" width=\"500\" height=\"281\" src=\"https:\/\/www.youtube.com\/embed\/sd5ExcrZDdk?feature=oembed\" frameborder=\"0\" allow=\"accelerometer; autoplay; clipboard-write; encrypted-media; gyroscope; picture-in-picture; web-share\" referrerpolicy=\"strict-origin-when-cross-origin\" allowfullscreen><\/iframe>\n\t<iframe loading=\"lazy\" title=\"CR\u017dP - Ohl\u00e1\u0161en\u00ed revize spalovac\u00edho stacion\u00e1rn\u00edho zdroje\" width=\"500\" height=\"281\" src=\"https:\/\/www.youtube.com\/embed\/jwjzc13VAso?feature=oembed\" frameborder=\"0\" allow=\"accelerometer; autoplay; clipboard-write; encrypted-media; gyroscope; picture-in-picture; web-share\" referrerpolicy=\"strict-origin-when-cross-origin\" allowfullscreen><\/iframe>\n\n","protected":false},"excerpt":{"rendered":"<p>MANU\u00c1LY a&nbsp;N\u00c1VODY N\u00e1vody pro registraci a&nbsp;spr\u00e1vu u\u017eivatele a&nbsp;subjektu Pr\u016fvodce registrac\u00ed u\u017eivatele Pr\u016fvodce registrac\u00ed subjektu Pr\u016fvodce propojen\u00edm s&nbsp;Extern\u00ed identitou Pr\u016fvodce registrac\u00ed zahrani\u010dn\u00edho subjektu Pr\u016fvodce spr\u00e1vou subjektu Pr\u016fvodce spr\u00e1vou \u00fa\u010dtu N\u00e1vody pro dopravce odpad\u016f Guideline for registration as a&nbsp;waste carrier Manu\u00e1l pro zaps\u00e1n\u00ed na seznam dopravc\u016f odpad\u016f N\u00e1vody pro pr\u00e1ci se&nbsp;zmocn\u011bn\u00edm Vzor pln\u00e9 moci Pr\u016fvodce p\u0159id\u011blen\u00edm zmocn\u011bn\u00ed&hellip;<\/p>\n","protected":false},"author":151,"featured_media":0,"parent":2337,"menu_order":0,"comment_status":"closed","ping_status":"closed","template":"","meta":{"inline_featured_image":false,"footnotes":""},"yoast_head":"<!-- This site is optimized with the Yoast SEO plugin v20.13 - https:\/\/yoast.com\/wordpress\/plugins\/seo\/ -->\n<title>Manu\u00e1ly a n\u00e1vody - CR\u017dP<\/title>\n<meta name=\"robots\" content=\"index, follow, max-snippet:-1, max-image-preview:large, max-video-preview:-1\" \/>\n<link rel=\"canonical\" href=\"https:\/\/crzp.mzp.cz\/portal\/napoveda\/manualy-a-navody\/\" \/>\n<meta property=\"og:locale\" content=\"cs_CZ\" \/>\n<meta property=\"og:type\" content=\"article\" \/>\n<meta property=\"og:title\" content=\"Manu\u00e1ly a n\u00e1vody - CR\u017dP\" \/>\n<meta property=\"og:description\" content=\"MANU\u00c1LY a&nbsp;N\u00c1VODY N\u00e1vody pro registraci a&nbsp;spr\u00e1vu u\u017eivatele a&nbsp;subjektu Pr\u016fvodce registrac\u00ed u\u017eivatele Pr\u016fvodce registrac\u00ed subjektu Pr\u016fvodce propojen\u00edm s&nbsp;Extern\u00ed identitou Pr\u016fvodce registrac\u00ed zahrani\u010dn\u00edho subjektu Pr\u016fvodce spr\u00e1vou subjektu Pr\u016fvodce spr\u00e1vou \u00fa\u010dtu N\u00e1vody pro dopravce odpad\u016f Guideline for registration as a&nbsp;waste carrier Manu\u00e1l pro zaps\u00e1n\u00ed na seznam dopravc\u016f odpad\u016f N\u00e1vody pro pr\u00e1ci se&nbsp;zmocn\u011bn\u00edm Vzor pln\u00e9 moci Pr\u016fvodce p\u0159id\u011blen\u00edm zmocn\u011bn\u00ed&hellip;\" \/>\n<meta property=\"og:url\" content=\"https:\/\/crzp.mzp.cz\/portal\/napoveda\/manualy-a-navody\/\" \/>\n<meta property=\"og:site_name\" content=\"CR\u017dP\" \/>\n<meta property=\"article:modified_time\" content=\"2026-01-24T20:14:50+00:00\" \/>\n<meta name=\"twitter:card\" content=\"summary_large_image\" \/>\n<meta name=\"twitter:label1\" content=\"Est. reading time\" \/>\n\t<meta name=\"twitter:data1\" content=\"1 minuta\" \/>\n<script type=\"application\/ld+json\" class=\"yoast-schema-graph\">{\"@context\":\"https:\/\/schema.org\",\"@graph\":[{\"@type\":\"WebPage\",\"@id\":\"https:\/\/crzp.mzp.cz\/portal\/napoveda\/manualy-a-navody\/\",\"url\":\"https:\/\/crzp.mzp.cz\/portal\/napoveda\/manualy-a-navody\/\",\"name\":\"Manu\u00e1ly a n\u00e1vody - CR\u017dP\",\"isPartOf\":{\"@id\":\"https:\/\/crzp.mzp.cz\/portal\/#website\"},\"datePublished\":\"2021-10-17T09:01:50+00:00\",\"dateModified\":\"2026-01-24T20:14:50+00:00\",\"breadcrumb\":{\"@id\":\"https:\/\/crzp.mzp.cz\/portal\/napoveda\/manualy-a-navody\/#breadcrumb\"},\"inLanguage\":\"cs\",\"potentialAction\":[{\"@type\":\"ReadAction\",\"target\":[\"https:\/\/crzp.mzp.cz\/portal\/napoveda\/manualy-a-navody\/\"]}]},{\"@type\":\"BreadcrumbList\",\"@id\":\"https:\/\/crzp.mzp.cz\/portal\/napoveda\/manualy-a-navody\/#breadcrumb\",\"itemListElement\":[{\"@type\":\"ListItem\",\"position\":1,\"name\":\"Home\",\"item\":\"https:\/\/crzp.mzp.cz\/portal\/\"},{\"@type\":\"ListItem\",\"position\":2,\"name\":\"N\u00e1pov\u011bda\",\"item\":\"https:\/\/crzp.mzp.cz\/portal\/napoveda\/\"},{\"@type\":\"ListItem\",\"position\":3,\"name\":\"Manu\u00e1ly a&nbsp;n\u00e1vody\"}]},{\"@type\":\"WebSite\",\"@id\":\"https:\/\/crzp.mzp.cz\/portal\/#website\",\"url\":\"https:\/\/crzp.mzp.cz\/portal\/\",\"name\":\"CR\u017dP\",\"description\":\"Centr\u00e1ln\u00ed registr \u017eivotn\u00edho prost\u0159ed\u00ed\",\"potentialAction\":[{\"@type\":\"SearchAction\",\"target\":{\"@type\":\"EntryPoint\",\"urlTemplate\":\"https:\/\/crzp.mzp.cz\/portal\/?s={search_term_string}\"},\"query-input\":\"required name=search_term_string\"}],\"inLanguage\":\"cs\"}]}<\/script>\n<!-- \/ Yoast SEO plugin. -->","yoast_head_json":{"title":"Manu\u00e1ly a n\u00e1vody - CR\u017dP","robots":{"index":"index","follow":"follow","max-snippet":"max-snippet:-1","max-image-preview":"max-image-preview:large","max-video-preview":"max-video-preview:-1"},"canonical":"https:\/\/crzp.mzp.cz\/portal\/napoveda\/manualy-a-navody\/","og_locale":"cs_CZ","og_type":"article","og_title":"Manu\u00e1ly a n\u00e1vody - CR\u017dP","og_description":"MANU\u00c1LY a&nbsp;N\u00c1VODY N\u00e1vody pro registraci a&nbsp;spr\u00e1vu u\u017eivatele a&nbsp;subjektu Pr\u016fvodce registrac\u00ed u\u017eivatele Pr\u016fvodce registrac\u00ed subjektu Pr\u016fvodce propojen\u00edm s&nbsp;Extern\u00ed identitou Pr\u016fvodce registrac\u00ed zahrani\u010dn\u00edho subjektu Pr\u016fvodce spr\u00e1vou subjektu Pr\u016fvodce spr\u00e1vou \u00fa\u010dtu N\u00e1vody pro dopravce odpad\u016f Guideline for registration as a&nbsp;waste carrier Manu\u00e1l pro zaps\u00e1n\u00ed na seznam dopravc\u016f odpad\u016f N\u00e1vody pro pr\u00e1ci se&nbsp;zmocn\u011bn\u00edm Vzor pln\u00e9 moci Pr\u016fvodce p\u0159id\u011blen\u00edm zmocn\u011bn\u00ed&hellip;","og_url":"https:\/\/crzp.mzp.cz\/portal\/napoveda\/manualy-a-navody\/","og_site_name":"CR\u017dP","article_modified_time":"2026-01-24T20:14:50+00:00","twitter_card":"summary_large_image","twitter_misc":{"Est. reading time":"1 minuta"},"schema":{"@context":"https:\/\/schema.org","@graph":[{"@type":"WebPage","@id":"https:\/\/crzp.mzp.cz\/portal\/napoveda\/manualy-a-navody\/","url":"https:\/\/crzp.mzp.cz\/portal\/napoveda\/manualy-a-navody\/","name":"Manu\u00e1ly a n\u00e1vody - CR\u017dP","isPartOf":{"@id":"https:\/\/crzp.mzp.cz\/portal\/#website"},"datePublished":"2021-10-17T09:01:50+00:00","dateModified":"2026-01-24T20:14:50+00:00","breadcrumb":{"@id":"https:\/\/crzp.mzp.cz\/portal\/napoveda\/manualy-a-navody\/#breadcrumb"},"inLanguage":"cs","potentialAction":[{"@type":"ReadAction","target":["https:\/\/crzp.mzp.cz\/portal\/napoveda\/manualy-a-navody\/"]}]},{"@type":"BreadcrumbList","@id":"https:\/\/crzp.mzp.cz\/portal\/napoveda\/manualy-a-navody\/#breadcrumb","itemListElement":[{"@type":"ListItem","position":1,"name":"Home","item":"https:\/\/crzp.mzp.cz\/portal\/"},{"@type":"ListItem","position":2,"name":"N\u00e1pov\u011bda","item":"https:\/\/crzp.mzp.cz\/portal\/napoveda\/"},{"@type":"ListItem","position":3,"name":"Manu\u00e1ly a&nbsp;n\u00e1vody"}]},{"@type":"WebSite","@id":"https:\/\/crzp.mzp.cz\/portal\/#website","url":"https:\/\/crzp.mzp.cz\/portal\/","name":"CR\u017dP","description":"Centr\u00e1ln\u00ed registr \u017eivotn\u00edho prost\u0159ed\u00ed","potentialAction":[{"@type":"SearchAction","target":{"@type":"EntryPoint","urlTemplate":"https:\/\/crzp.mzp.cz\/portal\/?s={search_term_string}"},"query-input":"required name=search_term_string"}],"inLanguage":"cs"}]}},"_links":{"self":[{"href":"https:\/\/crzp.mzp.cz\/portal\/wp-json\/wp\/v2\/pages\/1445"}],"collection":[{"href":"https:\/\/crzp.mzp.cz\/portal\/wp-json\/wp\/v2\/pages"}],"about":[{"href":"https:\/\/crzp.mzp.cz\/portal\/wp-json\/wp\/v2\/types\/page"}],"author":[{"embeddable":true,"href":"https:\/\/crzp.mzp.cz\/portal\/wp-json\/wp\/v2\/users\/151"}],"replies":[{"embeddable":true,"href":"https:\/\/crzp.mzp.cz\/portal\/wp-json\/wp\/v2\/comments?post=1445"}],"version-history":[{"count":37,"href":"https:\/\/crzp.mzp.cz\/portal\/wp-json\/wp\/v2\/pages\/1445\/revisions"}],"predecessor-version":[{"id":3244,"href":"https:\/\/crzp.mzp.cz\/portal\/wp-json\/wp\/v2\/pages\/1445\/revisions\/3244"}],"up":[{"embeddable":true,"href":"https:\/\/crzp.mzp.cz\/portal\/wp-json\/wp\/v2\/pages\/2337"}],"wp:attachment":[{"href":"https:\/\/crzp.mzp.cz\/portal\/wp-json\/wp\/v2\/media?parent=1445"}],"curies":[{"name":"wp","href":"https:\/\/api.w.org\/{rel}","templated":true}]}}